005566.
1178
Calculate the highest common divisor of 2685 and 855.
15
Calculate the highest common divisor of 4401 and 3807.
27
What is the highest common divisor of 6318 and 432?
54
What is the greatest common divisor of 31450 and 68?
34
What is the greatest common divisor of 1014 and 26988?
78
What is the highest common factor of 1316723 and 2763?
307
What is the greatest common factor of 123 and 4449?
3
What is the highest common factor of 89240 and 840?
40
Calculate the greatest common factor of 380 and 270.
10
What is the highest common factor of 62372 and 19468?
124
What is the greatest common factor of 17835 and 725?
145
What is the highest common factor of 1296 and 5888?
16
Calculate the greatest common factor of 44039 and 119936.
937
What is the highest common divisor of 752 and 184381?
47
Calculate the highest common factor of 4650 and 1680.
30
What is the highest common divisor of 34040 and 1295?
185
Calculate the highest common factor of 50042 and 23842.
262
What is the greatest common factor of 15167 and 145?
29
What is the greatest common divisor of 105589 and 22?
11
Calculate the greatest common divisor of 6504 and 2664.
24
Calculate the greatest common divisor of 30 and 63774.
6
Calculate the highest common factor of 1676584 and 208.
104
What is the highest common divisor of 14 and 5663?
7
What is the highest common divisor of 69 and 13596?
3
Calculate the greatest common divisor of 46 and 218.
2
Calculate the highest common divisor of 9058 and 12334.
14
Calculate the highest common divisor of 7045 and 1400546.
1409
Calculate the greatest common factor of 18734 and 36822.
646
What is the highest common divisor of 53 and 272367?
53
Calculate the highest common factor of 85943 and 1144.
143
Calculate the highest common divisor of 14651 and 613088.
1127
Calculate the greatest common divisor of 44 and 168542.
22
What is the highest common divisor of 912 and 38874?
114
What is the highest common divisor of 65812 and 4?
4
What is the greatest common divisor of 16591 and 3807?
47
Calculate the highest common factor of 3723 and 75774.
219
What is the highest common factor of 1960 and 595?
35
Calculate the greatest common factor of 3379 and 2398.
109
Calculate the highest common divisor of 376119 and 828.
207
Calculate the highest common factor of 968512 and 888.
296
Calculate the highest common divisor of 348 and 3798.
6
Calculate the greatest common factor of 7458371 and 529.
529
What is the greatest common factor of 2323 and 1449?
23
Calculate the highest common divisor of 19 and 1347936.
19
What is the greatest common factor of 1730 and 162?
2
What is the highest common factor of 1937 and 104?
13
What is the highest common divisor of 8 and 75852?
4
What is the greatest common divisor of 75456 and 3537?
1179
What is the highest common factor of 15 and 24105?
15
Calculate the highest common factor of 70738 and 2504.
626
Calculate the highest common factor of 740876 and 92.
92
What is the greatest common divisor of 115 and 802355?
115
Calculate the highest common factor of 1501 and 15563.
79
Calculate the highest common factor of 24 and 1016.
8
Calculate the greatest common divisor of 244 and 94306.
122
Calculate the highest common factor of 18722 and 81466.
506
What is the highest common factor of 69708 and 56832?
444
What is the greatest common factor of 19 and 123196?
19
What is the greatest common divisor of 94451 and 7?
7
What is the highest common factor of 11919 and 14094?
87
What is the highest common factor of 406104 and 336?
24
What is the greatest common factor of 4032 and 13888?
448
What is the greatest common divisor of 16376 and 138?
46
What is the greatest common factor of 22850 and 100?
50
What is the highest common divisor of 693885 and 6925?
1385
What is the highest common divisor of 23 and 353303?
23
Calculate the greatest common factor of 139 and 79091.
139
What is the greatest common factor of 14 and 4264498?
14
What is the greatest common divisor of 2871 and 50127?
33
Calculate the highest common divisor of 5744 and 208.
16
What is the highest common divisor of 5508 and 5994?
162
Calculate the highest common divisor of 5358 and 1983.
3
What is the greatest common factor of 24425 and 4475?
25
Calculate the greatest common divisor of 50096 and 96224.
496
What is the highest common divisor of 703 and 592?
37
Calculate the highest common divisor of 195168 and 1070.
214
Calculate the greatest common factor of 1520 and 25232.
304
Calculate the greatest common divisor of 2578 and 2.
2
What is the greatest common divisor of 112070 and 140?
70
What is the highest common factor of 35475 and 3655?
215
Calculate the highest common factor of 138457 and 14432.
451
What is the highest common factor of 8350 and 4125?
25
What is the highest common divisor of 20888 and 16?
8
Calculate the greatest common factor of 17636 and 16.
4
What is the greatest common factor of 47523 and 876?
219
What is the highest common divisor of 469 and 44756?
67
Calculate the highest common factor of 106 and 340631.
53
What is the highest common factor of 5 and 9535?
5
Calculate the greatest common factor of 7998 and 38098.
86
Calculate the greatest common divisor of 122 and 374113.
61
What is the highest common factor of 512278 and 741?
247
Calculate the highest common factor of 7661 and 107417.
163
What is the highest common divisor of 2546 and 931?
19
Calculate the highest common factor of 29941 and 79.
79
Calculate the highest common factor of 96 and 208844.
4
Calculate the greatest common divisor of 92610 and 2744.
686
Calculate the greatest common divisor of 279034 and 14.
14
What is the greatest common divisor of 4757 and 737?
67
What is the highest common factor of 80 and 1228660?
20
What is the greatest common divisor of 495 and 57987?
9
Calculate the highest common factor of 4 and 37304.
4
What is the greatest common divisor of 26909 and 1633?
71
What is the greatest common factor of 112013 and 374?
187
Calculate the highest common factor of 2005 and 2918077.
401
What is the highest common factor of 36243 and 9?
9
What is the highest common factor of 36138 and 456?
114
What is the highest common divisor of 34887 and 87?
87
Calculate the greatest common divisor of 60462 and 162.
18
Calculate the greatest common factor of 492 and 1860.
12
Calculate the highest common factor of 131461 and 17.
17
Calculate the highest common factor of 111648 and 16.
16
What is the greatest common divisor of 235505 and 1665?
185
Calculate the greatest common factor of 94578 and 99.
33
What is the greatest common divisor of 18 and 77502?
6
Calculate the highest common factor of 152 and 4296.
8
What is the highest common divisor of 42044 and 184?
92
What is the highest common divisor of 1632 and 8619?
51
Calculate the highest common factor of 3332 and 29699.
17
Calculate the greatest common factor of 15132 and 1716.
156
Calculate the highest common divisor of 1632 and 149940.
204
Calculate the greatest common divisor of 195 and 45.
15
Calculate the highest common divisor of 1056 and 8077344.
1056
What is the greatest common divisor of 14886 and 7362?
18
Calculate the greatest common divisor of 993488 and 3968.
496
What is the highest common factor of 32076 and 5508?
324
Calculate the greatest common factor of 1305 and 1287.
9
Calculate the highest common factor of 121 and 100936.
11
What is the highest common divisor of 454764 and 1?
1
What is the greatest common factor of 638240 and 16?
16
What is the highest common divisor of 6512 and 1408?
176
Calculate the highest common divisor of 24 and 222843.
3
Calculate the highest common divisor of 287 and 12474.
7
What is the highest common factor of 485204 and 404?
404
Calculate the greatest common divisor of 306 and 8136.
18
What is the greatest common divisor of 9248 and 4080?
272
Calculate the highest common factor of 846488 and 38.
38
What is the highest common factor of 222 and 31006?
74
Calculate the greatest common factor of 88 and 10368.
8
Calculate the greatest common divisor of 7055 and 6800.
85
Calculate the greatest common divisor of 64 and 4803520.
64
Calculate the greatest common divisor of 84390 and 388.
194
Calculate the greatest common factor of 451 and 539437.
41
Calculate the highest common divisor